 + 3. List the prime factors of g(s).
2, 3
Suppose 2*a + 4*p + 8 = 0, 6 = -a - 4*p - 6. Suppose -2*u + 10 = 0, 2*u - a*u + 200 = 5*n. List the prime factors of n.
2, 19
Suppose -4*y + 2*v = -3*y - 16, -2*v + 44 = 2*y. Suppose a - y = -4*a. List the prime factors of a.
2
Let o = 29 - 13. What are the prime factors of o?
2
Let y(w) = w**2 + 4*w - 2. List the prime factors of y(-7).
19
Let b be 8/(-3)*(-27)/(-2). Let j = -62 + 36. Let a = j - b. List the prime factors of a.
2, 5
Suppose u = -4*k + 3, -3*u - k = -2*k + 4. Let a(t) = -3*t**3 + t**2 + 2*t + 1. What are the prime factors of a(u)?
3
Suppose 0 = 3*y - 3*w - 147, 5*w + 191 = -y + 5*y. What are the prime factors of y?
2, 3
What are the prime factors of 4 + (4/2 - -2)?
2
Let t be 2/4 + 3/(-6). Let s(x) = x**2 + x + 32. List the prime factors of s(t).
2
Suppose 7*y - 3*y = -52. Let j = -1 + 31. Let l = y + j. What are the prime factors of l?
17
Let n = -1 + 10. What are the prime factors of n?
3
Suppose 2*h + 1 + 3 = 0. Let n = 4 + h. Suppose 3*u + 2 = -n*t, -3*u = t - 0*u + 4. What are the prime factors of t?
2
Let l(y) be the second derivative of -y**5/20 - 43*y**2/2 + 2*y. Let h be l(0). Let q = -31 - h. What are the prime factors of q?
2, 3
Suppose -2*z + 3*z = 43. Let o = z + -30. List the prime factors of o.
13
Suppose -2*j + 10 = -4*j. Suppose 5*v + 5*g = -10, 5*v + 4*g + 3 = -4. What are the prime factors of 3/v - (2 + j)?
2, 3
Suppose -2*y - 10 = -4*y, 4*o - 65 = -5*y. What are the prime factors of o?
2, 5
Let c(q) be the third derivative of -q**4/24 - 5*q**3/6 + q**2. Let d be c(-7). Suppose 2*a = 2*o + 20, -5*a + 2*a = d*o - 10. What are the prime factors of a?
2, 3
Let d(u) = -u**3 + 8*u**2 + 11*u - 16. List the prime factors of d(7).
2, 5, 11
Suppose -198 = -3*y + 4*v, -3*y = 2*v + 18 - 198. List the prime factors of y.
2, 31
Suppose 5*y + n - 51 = 4*n, 28 = 2*y - 5*n. Let w = y + -5. Let v = w - 2. What are the prime factors of v?
2
Suppose -4*c + 32 = m, 2*m + 80 = 5*m - 4*c. What are the prime factors of m?
2, 7
Suppose 14 = -6*t + 86. What are the prime factors of t?
2, 3
Let g(f) = -f**2 + 9*f + 7. What are the prime factors of g(8)?
3, 5
Suppose -3*t + 4*t - 40 = -4*q, 0 = t - q - 50. List the prime factors of t.
2, 3
Let a(z) = 2*z + 4. List the prime factors of a(7).
2, 3
Let s(b) = -16*b - 20. List the prime factors of s(-9).
2, 31
What are the prime factors of ((-20)/15)/(10/(-555))?
2, 37
Let x = -3 + 5. Suppose -7*r = -x*r + 2*p - 132, 2*p - 48 = -2*r. What are the prime factors of r?
2, 7
Suppose -205 = -7*p + 89. What are the prime factors of p?
2, 3, 7
List the prime factors of 44 - (-3 + -1) - -4.
2, 13
Suppose -5*a + 499 + 1 = 0. Suppose 0 = 5*b - b - a. List the prime factors of b.
5
Let y = 13 - 1. List the prime factors of y.
2, 3
Let w = 0 - 4. Let a be 33/2 + 2/w. Let y = a - 11. List the prime factors of y.
5
What are the prime factors of 50 - (0 - -4)/(-4)?
3, 17
Suppose -2*y - 4 - 4 = 0, 3*g + 5*y = -17. List the prime factors of (-1)/(g/(-1 - 10)).
11
Let g = 1 + -2. Suppose k + 3*a = 4 - 1, -a - 19 = -3*k. Let u = g + k. List the prime factors of u.
5
Let c(y) = -y**3 - 2*y**2 + 3*y + 4. Let u be c(-3). Suppose l = -4*s + 132, -u*s - l + 36 = -3*s. List the prime factors of s.
2
Let p = 12 - 16. Let n = 9 + p. What are the prime factors of n?
5
List the prime factors of ((-4)/(-3))/((-2)/(-6)).
2
Let p = -165 + 397. What are the prime factors of p?
2, 29
Let h = 62 + -124. Let s = h - -98. What are the prime factors of s?
2, 3
Let j(b) = b + 7. Let y be j(-5). What are the prime factors of (-272)/(-28) - y/(-7)?
2, 5
Let q(u) = u**3 - u**2 + 3*u - 5. Let c be q(4). List the prime factors of 7/49 + c/7.
2
Let s be (2/4)/((-2)/(-20)). Suppose 67 = s*l + 17. List the prime factors of l.
2, 5
Suppose 4*m = -4*f + 424, m = -4*f + 44 + 47. List the prime factors of m.
3, 37
Let m(s) = 16*s + 1. Let u(r) = -r + 12. Let v be u(11). Let f be m(v). Suppose f = -5*j + 6*j. List the prime factors of j.
17
Let h be (-2)/(-3) - (-440)/(-12). Let s be (-328)/(-18) + 8/h. Suppose -k - 47 = -4*n, 0*n + k - s = -n. What are the prime factors of n?
13
Let x be (8/6)/((-8)/(-276)). Let u = 33 - x. Let m = -1 - u. List the prime factors of m.
2, 3
Suppose -5*c = -2*r + 306, 3*r - 211 = -3*c + 227. What are the prime factors of r?
2, 37
Suppose c + 24 = y + 2*y, 0 = 5*c + 15. Suppose -o = -2*o + y. Suppose w - 24 = -o. List the prime factors of w.
17
Suppose l + 3*r + 7 = 8*r, 3*l + 101 = -r. Let n = l + 61. List the prime factors of n.
29
List the prime factors of 10/(-35) + 345/7.
7
Let v = 25 - 3. Suppose -v = 4*y - 138. What are the prime factors of y?
29
Let p(t) = -8*t + t**2 - 4*t**2 - 2 + 2*t**2. List the prime factors of p(-6).
2, 5
Let z(c) = -c**3 + 3*c**2 + c. Let q be z(3). Suppose m = 6*m, 5*m = q*r - 9. Suppose -3*l - r*h = -54, -4*h - 3 = 13. List the prime factors of l.
2, 11
Suppose 2*p + 20 = 274. List the prime factors of p.
127
Suppose 5*j = 5*a - 25, 4*j - 20 = 2*j - 4*a. Suppose -2*w - 1 = i - 7, -2*i - w + 24 = j. What are the prime factors of i?
2, 7
Let u be 4/22 - (-93)/33. Let g = u + 3. What are the prime factors of g?
2, 3
Let k be (-4)/(-6)*(-102)/(-4). Suppose 0 = 2*h + q - 46, -4*q + k = h - 6. List the prime factors of h.
23
Suppose i = 4*u - 2*i - 51, -2*u = -i - 25. List the prime factors of u.
2, 3
Let t(d) = -2*d**3 - 5*d**2 - 3*d + 3. Let n be t(-3). Let s = 57 - n. List the prime factors of s.
2, 3
Let l(c) = c**3 - 4*c**2 - 4. List the prime factors of l(5).
3, 7
Let g(l) = 3 + 2*l + 0*l**2 + 15*l**2 - 2 + 9*l**2. List the prime factors of g(-1).
23
Suppose -n + 13 + 57 = 0. List the prime factors of n.
2, 5, 7
What are the prime factors of (-30)/(-70) - (-92)/14?
7
Let l(m) = m**3 - 9*m**2 - 10*m + 5. Let g be l(10). Suppose 0 = v + r + 2*r - 3, -5*v + 15 = -g*r. Suppose -v*u + 30 = -u. List the prime factors of u.
3, 5
Let v = 231 - 122. Suppose 0*n - 3*n - q = -v, -3*n = -4*q - 104. Suppose 9 - n = -3*h. List the prime factors of h.
3
Let r be (-870)/(-27) + 8/(-36). Suppose -h = h - r. List the prime factors of h.
2
Let c(t) = 6*t + 4. Let r(k) = -k - 1. Let j(f) = -c(f) - 5*r(f). Let z be j(-4). Let u = z - 1. What are the prime factors of u?
2
Let b(l) = l**2 + 4*l - 2. Let r be b(-5). Suppose r*d - 18 = d. What are the prime factors of d?
3
Let m(y) = -1 + 8*y - 5*y - 5*y. Let p(f) = 4*f + 5. Let q be p(-4). List the prime factors of m(q).
3, 7
Suppose 116 = n + 4*i, 3*n - 268 = -2*i + 70. What are the prime factors of n?
2, 7
Suppose -302 = -5*c - 72. What are the prime factors of c?
2, 23
Let n be 903/15 - (-2)/(-10). Let x be (-6)/(-5)*n/18. What are the prime factors of (16/6)/(x/18)?
2, 3
Let p(k) = -12*k + 1. List the prime factors of p(-1).
13
Suppose 4*f - 3*n = n + 140, -4*f + 2*n + 144 = 0. What are the prime factors of f?
37
Let m = -9 - -15. Suppose 4*t + 10 = -2. What are the prime factors of (-2)/t*m/1?
2
Suppose -s - t + 5 = 14, -3*s - t - 21 = 0. Let a(v) be the second derivative of v**4/12 + 5*v**3/6 - v**2 + v. List the prime factors of a(s).
2
Let f = 41 - -9. List the prime factors of f.
2, 5
Let n = -27 - -14. Let r = -6 - n. What are the prime factors of r?
7
Let t(w) = w**2 - 11*w - 10. Let r(l) = l + 1. Let a(b) = 22*r(b) + 2*t(b). What are the prime factors of a(3)?
2, 5
Let i be (-80)/(-36) - 4/18. Suppose -2*p = -3*g + 8, -2*p + 4 = -i*g + 5*g. List the prime factors of (14/6)/(g/6).
7
Let t be 1/(-5) - (-6)/5. What are the prime factors of 4 + 3 + (-2)/t?
5
Let m = -3 + 10. Let g(a) = -a**3 + 6*a**2 + 6*a + 6. Let x be g(m). List the prime factors of 11 + (1 - x) + -1.
2, 3
Let y = -72 + 102. List the prime factors of y.
2, 3, 5
What are the prime factors of (((-42)/(-8))/3)/((-1)/(-68))?
7, 17
Let s(t) = t**2 + 3*t - 5. Let k be s(-4). Let i be (1 + 2)/(2 + k). Suppose -15 = i*f - 6*f. What are the prime factors of f?
5
Let i = 9 + -18. Let t(w) = -w - 12. Let k be t(i). Let l = 4 - k. What are the prime factors of l?
7
Let t(c) = -c**3 - 18*c**2 - 34*c - 16. What are the prime factors of t(-17)?
3, 7, 13
What are the prime factors of (-951)/(-12) - 5/20?
79
List the prime factors of 1/(-1)*(-1 + 0 + -10).
11
Let t = -3 - 0. Let d be (5/t)/(1/(-3)). Suppose -3*i - 12 = -4*w + 1, 5*w + d*i = 